
1273
Calculate the remainder when 236431 is divided by 1665.
1
Calculate the remainder when 71749516 is divided by 340.
336
What is the remainder when 45618538 is divided by 165?
163
What is the remainder when 22485377 is divided by 289?
21
Calculate the remainder when 394146 is divided by 197027.
92
What is the remainder when 54022 is divided by 4157?
4138
Calculate the remainder when 151378 is divided by 5737.
2216
Calculate the remainder when 8963 is divided by 1352.
851
Calculate the remainder when 5668973 is divided by 2688.
2669
Calculate the remainder when 130782 is divided by 7677.
273
Calculate the remainder when 2482614 is divided by 19859.
239
What is the remainder when 713840 is divided by 10345?
35
Calculate the remainder when 46970 is divided by 45859.
1111
What is the remainder when 16028746 is divided by 616490?
6
Calculate the remainder when 123235698 is divided by 283.
235
Calculate the remainder when 366292 is divided by 2412.
2080
Calculate the remainder when 9007612 is divided by 257.
19
Calculate the remainder when 577971 is divided by 1762.
35
Calculate the remainder when 44948687 is divided by 4086244.
3
What is the remainder when 353754 is divided by 781?
742
Calculate the remainder when 14714 is divided by 810.
134
What is the remainder when 1183362 is divided by 591638?
86
What is the remainder when 189139 is divided by 186570?
2569
What is the remainder when 13078359 is divided by 3551?
26
What is the remainder when 1188502 is divided by 1?
0
What is the remainder when 1980723 is divided by 27506?
291
What is the remainder when 4239851 is divided by 475?
1
What is the remainder when 17415 is divided by 758?
739
Calculate the remainder when 18048882 is divided by 263.
244
Calculate the remainder when 16834278 is divided by 1802.
1796
What is the remainder when 15583 is divided by 747?
643
Calculate the remainder when 105338 is divided by 34511.
1805
Calculate the remainder when 868534 is divided by 604.
586
What is the remainder when 27419089 is divided by 17420?
9
What is the remainder when 17728869 is divided by 310?
279
What is the remainder when 45888366 is divided by 15296118?
12
What is the remainder when 49204 is divided by 5831?
2556
Calculate the remainder when 34288 is divided by 11148.
844
What is the remainder when 1294804 is divided by 647397?
10
What is the remainder when 28814771 is divided by 84?
83
What is the remainder when 829432 is divided by 46076?
64
Calculate the remainder when 265638 is divided by 1803.
597
What is the remainder when 14128527 is divided by 85?
82
What is the remainder when 191234 is divided by 20075?
10559
What is the remainder when 8074326 is divided by 1065?
561
What is the remainder when 4707328 is divided by 48?
16
What is the remainder when 2222232 is divided by 165?
12
Calculate the remainder when 10452384 is divided by 9291.
9
Calculate the remainder when 1010286 is divided by 2920.
2886
Calculate the remainder when 279214129 is divided by 55842825.
4
Calculate the remainder when 345353479 is divided by 11678.
11663
Calculate the remainder when 22137 is divided by 21426.
711
Calculate the remainder when 1997611 is divided by 60.
31
Calculate the remainder when 5544842 is divided by 1848086.
584
Calculate the remainder when 17554218 is divided by 233.
231
What is the remainder when 805172 is divided by 42?
32
What is the remainder when 8240746 is divided by 119?
115
What is the remainder when 869764 is divided by 1487?
1356
Calculate the remainder when 14970284 is divided by 1294.
1292
What is the remainder when 847130 is divided by 1105?
700
What is the remainder when 557261 is divided by 1380?
1121
Calculate the remainder when 636387 is divided by 529.
0
What is the remainder when 192957 is divided by 3445?
37
What is the remainder when 2546107 is divided by 1273043?
21
Calculate the remainder when 1175846 is divided by 1175643.
203
Calculate the remainder when 4780923 is divided by 1822.
1817
What is the remainder when 4917 is divided by 813?
39
What is the remainder when 19993 is divided by 1287?
688
What is the remainder when 3912697 is divided by 25572?
181
What is the remainder when 1760708 is divided by 114?
92
Calculate the remainder when 41751251 is divided by 564206.
7
Calculate the remainder when 1041614 is divided by 4076.
2234
What is the remainder when 59041439 is divided by 540?
539
What is the remainder when 146577 is divided by 36385?
1037
Calculate the remainder when 3391328 is divided by 26703.
47
Calculate the remainder when 92640 is divided by 46292.
56
What is the remainder when 3900261 is divided by 557180?
1
Calculate the remainder when 1378664 is divided by 18.
8
What is the remainder when 304202 is divided by 2148?
1334
What is the remainder when 9126411 is divided by 356?
351
Calculate the remainder when 4358488 is divided by 2656.
2648
Calculate the remainder when 301051 is divided by 49533.
3853
What is the remainder when 5391558 is divided by 67?
1
What is the remainder when 152950827 is divided by 59?
53
Calculate the remainder when 155437863 is divided by 412302.
9
Calculate the remainder when 9420 is divided by 4491.
438
Calculate the remainder when 171802365 is divided by 39.
33
Calculate the remainder when 1079200 is divided by 269183.
2468
Calculate the remainder when 114042 is divided by 537.
198
What is the remainder when 410329 is divided by 3120?
1609
Calculate the remainder when 5454079 is divided by 32.
31
Calculate the remainder when 5097170 is divided by 281.
111
What is the remainder when 470497 is divided by 33?
16
What is the remainder when 96814 is divided by 29?
12
What is the remainder when 135456 is divided by 45133?
57
What is the remainder when 542654 is divided by 14184?
3662
Calculate the remainder when 16438177 is divided by 71.
44
What is the remainder when 488151 is divided by 162669?
144
What is the remainder when 297147 is divided by 59295?
672
Calculate the remainder when 1941547 is divided by 970310.
927
What is the remainder when 472183 is divided by 886?
831
What is the remainder when 402913 is divided by 382?
285
Calculate the remainder when 1798812 is divided by 78208.
28
Calculate the remainder when 1710858 is divided by 6683.
10
Calculate the remainder when 13138113 is divided by 4379366.
15
What is the remainder when 396341 is divided by 2872?
5
What is the remainder when 1941767 is divided by 41?
7
What is the remainder when 252494 is divided by 62883?
962
What is the remainder when 23245 is divided by 332?
5
Calculate the remainder when 18850866 is divided by 123.
9
Calculate the remainder when 106578732 is divided by 1545.
1542
Calculate the remainder when 633392 is divided by 79169.
40
What is the remainder when 57540 is divided by 56866?
674
What is the remainder when 1189689 is divided by 132184?
33
Calculate the remainder when 77224 is divided by 5918.
290
Calculate the remainder when 815948994 is divided by 25.
19
What is the remainder when 333770 is divided by 1597?
1594
Calculate the remainder when 628380 is divided by 150.
30
Calculate the remainder when 5606 is divided by 444.
278
Calculate the remainder when 29799 is divided by 79.
16
What is the remainder when 182784 is divided by 179?
25
What is the remainder when 10554005 is divided by 48?
5
What is the remainder when 286825 is divided by 12470?
15
What is the remainder when 27250 is divided by 572?
366
What is the remainder when 173968 is divided by 820?
128
What is the remainder when 2468552 is divided by 2164?
1592
What is the remainder when 117186 is divided by 22875?
2811
What is the remainder when 346935 is divided by 49554?
57
What is the remainder when 384124 is divided by 384091?
33
Calculate the remainder when 1714401 is divided by 774.
765
What is the remainder when 122227 is divided by 572?
391
What is the remainder when 33493222 is divided by 5650?
22
What is the remainder when 29604 is divided by 7376?
100
Calculate the remainder when 771363 is divided by 13299.
21
What is the remainder when 912244 is divided by 22?
14
Calculate the remainder when 66601 is divided by 27922.
10757
Calculate the remainder when 10778726 is divided by 718581.
11
What is the remainder when 61767 is divided by 20585?
12
What is the remaind